6)/(-8). Calculate the highest common divisor of 3 and q.
3
Let o(g) = -2*g**3 - 11*g**2 - 16*g - 153. Let x be o(-18). Calculate the greatest common factor of 270 and x.
135
Let q(o) = -5*o - 3. Suppose 2*u = 3*v - 20, -5*v + 31 - 3 = -2*u. Let w be q(u). Let r = w + 127. What is the greatest common divisor of 36 and r?
36
Let y be (-4)/(-6) - 30/(-9). Let u be -86*(1 + (-6)/y). Let c be (28/(-12))/((-35)/1290). Calculate the highest common divisor of c and u.
43
Let h = 23 - -570. Suppose -3569 = -31*n - h. Let q(w) = 17*w**2 - 3*w - 2. Let i be q(-2). What is the highest common factor of i and n?
24
Let d(h) = h**3 - 3*h**2 - 7*h - 11. Let q = -57 + 62. Let m be d(q). What is the highest common factor of 1 and m?
1
Suppose -22*v + 5776 = -8480. Suppose 4*m = v - 288. Calculate the greatest common divisor of 150 and m.
30
Let c be (1 + 45/(-12))/(3/(-276)). Let a = -145 - -156. Calculate the highest common divisor of a and c.
11
Suppose -40 = 4*q + c, -3*c - 2 = -4*q - 42. Let d be 14/((-70)/(-1901)) + 2/q. Calculate the greatest common divisor of d and 20.
20
Let t = 12494 + -8882. What is the greatest common factor of t and 7?
7
Let c = -367 - -382. Suppose 5*v - 6*v = 5*x - 16, 4*x - c = -3*v. Calculate the greatest common factor of 2 and x.
1
Let z = 10 - 23. Let v(k) = 2*k**2 + 13*k - 15. Let i be v(z). Calculate the greatest common factor of i and 28.
14
Suppose 4*r = -9*r + 2340. Suppose 32*o = 36*o - r. Calculate the greatest common divisor of o and 75.
15
Let g(i) = 0*i + 24 - 5*i + 8. Let s be g(0). Calculate the highest common divisor of 64 and s.
32
Suppose 16*g - 20*g = 12. Let p be 2 - (1675/g + 4/12). Suppose 5*r = -3*r + p. Calculate the highest common factor of r and 28.
14
Let k be 0 - 24/(-2) - 1. Suppose -2*t + u - 396 = -4*u, -2*t - 3*u - 396 = 0. Let y be (-3)/(3/7)*t/21. What is the greatest common divisor of y and k?
11
Suppose -3*p + 6 = 3*r + 3, 3*r - 4*p - 10 = 0. Suppose -5*y - 5*z = -185, r*y - 5*z + 6*z = 71. What is the greatest common factor of 306 and y?
34
Let r(m) = m + 7. Let z be r(-2). Suppose 0 = 10*n - 11*n + z. Suppose -w + 2*i - 5*i - 6 = 0, -n*i - 24 = -3*w. What is the highest common factor of 1 and w?
1
Let b(o) = o**3 + 16*o**2 + 3*o - 19. Let r be b(-14). Let m = r + -277. What is the greatest common divisor of 261 and m?
9
Let b = -24 + 53. Suppose -5*l + b = -11. Suppose 40*f - 652*f + 4014 + 15570 = 0. What is the greatest common factor of f and l?
8
Suppose 2*i - 2508 = -2*i. Let k(y) = 586*y + 19981. Let l be k(-34). Calculate the greatest common divisor of l and i.
57
Suppose 15 = 2*z + 1. Let v(x) = 7*x**2 - 1119*x + 2055. Let s be v(158). Calculate the greatest common factor of s and z.
1
Let s(o) = -18 - 8*o + 13 - 50. Let p be s(-14). Let b be 0/4 + (p - 6). Calculate the greatest common divisor of b and 17.
17
Let n = 3 - -9. Let b = 44526 + -44082. Calculate the highest common divisor of b and n.
12
Let d(f) = -95*f - 1403. Let g be d(-15). Calculate the highest common divisor of g and 5786.
22
Let l = 29 - 35. Let b(q) = -q**3 - 6*q**2 + 3. Let u be b(l). Suppose 0 = 4*a + 3 - 7. What is the greatest common divisor of u and a?
1
Suppose 0 = -f - 3*l + 243, l + 307 - 52 = f. Let d = 10 - 20. Let w(k) = k**2 + 8*k + 8. Let q be w(d). What is the greatest common divisor of q and f?
28
Suppose -12*h - 5970 = -17*h. Suppose -l = 3*n + h, -4*l = 2*n - 5*l + 801. Let t be (-63)/(-12) + -5 - n/4. Calculate the greatest common divisor of 40 and t.
20
Let v be 9/(-3) + 53 - 2. Suppose i - p = -i + 174, i - 3*p - 97 = 0. Let w be 4/34 + 1010/i. What is the highest common divisor of v and w?
12
Let i = -16726 + 17326. Calculate the greatest common factor of 375 and i.
75
Suppose 0*s - 5*s + 2*h - 15 = -55, h = 0. What is the greatest common divisor of 18872 and s?
8
Suppose -98*c - 363 = -46619. Suppose -2*i + 2*g - 236 = -6*i, 3*g + 177 = 3*i. Calculate the highest common divisor of i and c.
59
Let c = -421 - -426. Let q be ((-46)/6 + c)*-54. Calculate the greatest common factor of 324 and q.
36
Let y(l) = 135*l**2 - 272*l - 2570. Let o be y(-9). What is the highest common divisor of o and 33?
11
Suppose -12*v + 216 = 4*m - 16*v, v = -m + 70. Calculate the highest common divisor of m and 20088.
62
Suppose -1026 = -25*w - 3*w + 1886. What is the greatest common divisor of w and 136?
8
Let r be (-66)/4*(-16)/6. Let k(w) = -2456*w - 19208. Let g be k(-8). Calculate the highest common divisor of r and g.
44
Let q = 483 + -705. Let n = 563 + q. What is the greatest common divisor of n and 11?
11
Let o(q) = -9*q + 291. Let b be o(7). Calculate the highest common factor of 30 and b.
6
Suppose 4*h = -3*u + 66, 47*u - h = 44*u + 51. What is the greatest common divisor of u and 678?
6
Let i be -1*(5896/(-154) + -1*(-6)/21). Calculate the highest common divisor of i and 703.
19
Let s(f) = 3*f**2 - 12*f + 72. Let p be s(32). What is the greatest common factor of p and 45?
15
Suppose 30*t = 13*t - 26*t + 1548. What is the highest common divisor of t and 90?
18
Let o be 10 + 22/55*2895/6. Calculate the greatest common factor of o and 4.
1
Suppose -3*c + 2*c + 121 = 0. Suppose 82*h = 72*h + 80. Let f be 178/h + (-61)/244. Calculate the greatest common divisor of c and f.
11
Let d = -903 - -929. Calculate the greatest common factor of d and 62.
2
Let c(t) = 3*t**2 + 3*t**2 - 7*t + 1 + t**2 - 8*t**2. Let i be c(-6). Let s(n) = 2*n - 2. Let a be s(i). Calculate the greatest common factor of a and 36.
12
Let r(g) = -14 + g**2 + 14*g**2 + 12*g - 13*g**2. Let w be r(-8). Calculate the greatest common divisor of w and 45.
9
Suppose -132*p - 1585 = -3169. Let t = 296 - 164. Calculate the highest common divisor of p and t.
12
Suppose 2*z - 4*i = 1358, 2*i - 5140 = -5*z - 1769. What is the highest common divisor of 4995 and z?
135
Let b be 5102/9 + 510/(-270) + 2. Calculate the highest common factor of b and 3.
3
Let r(o) = 678*o**2 - 34*o + 14. Let t be r(-1). Calculate the highest common divisor of 7018 and t.
242
Let y be -12 + (-33)/(561/(-4964)). Suppose -q = 17 - 52. Calculate the greatest common divisor of y and q.
35
Let z be (1 + -67)*(-45)/6*1. Let j = -229 + z. Suppose -j = -6*n + 154. What is the greatest common factor of 28 and n?
14
Let l = -847 + 877. Suppose 0 = -4*s + 4*n + 36, -s = -l*n + 33*n - 9. Suppose -2*z + 6 = -12. What is the highest common factor of s and z?
9
Let q = -22541 + 22694. Calculate the highest common factor of 30447 and q.
153
Let t = 298 + 190. Let v = -461 + t. Calculate the greatest common factor of v and 729.
27
Let m(p) = -3*p**2 + 4*p + 24. Let v(o) = -4*o**2 + 2*o + 24. Let y(z) = -5*m(z) + 4*v(z). Let g be y(-8). What is the greatest common divisor of g and 88?
8
Suppose -36*i + 91408 = 18*i - 38*i. Calculate the highest common factor of i and 29.
29
Let d = -102 - -119. Suppose d*c + 80 = 22*c. Suppose -58 = -m + 22. What is the greatest common factor of m and c?
16
Suppose 4*z - 6446 = -v + 17255, -2*v + 11852 = 2*z. What is the highest common divisor of 25 and z?
25
Suppose -60*l + 1846 = -2474. Suppose d - 133 = -4*c, 2*c = -3*d - d + 70. Let a = c + 75. What is the greatest common factor of a and l?
36
Let z(g) be the second derivative of -g**4/12 + 5*g**3/2 + g**2 + 36*g. Let y be z(9). What is the highest common divisor of y and 49?
7
Let j(k) = 58*k**2 - 74*k + 459. Let t be j(7). What is the greatest common factor of 4048 and t?
253
Let o = 224 - 196. Suppose 0*f + o*f = 280. What is the highest common factor of 70 and f?
10
Let l(z) = -7*z**2 - 52*z + 47. Let f be l(-7). What is the highest common divisor of 20 and f?
4
Suppose -13158 = -1179*l + 405*l. Let s(r) = r**2 + 4*r + 4. Let m be s(-3). Calculate the greatest common divisor of l and m.
1
Suppose -u - 130 = -6*u. Let f be 59704/255 - (-14)/(-105). Calculate the highest common divisor of u and f.
26
Suppose 0 = j - 4*n + 4, n - 32 = -4*j + 5*n. Let r(d) = 5*d**2 - 2*d - 39. Let f be r(-5). What is the highest common factor of f and j?
12
Let x = 17 + 137. Let l be 52/(-65) + x/5. What is the highest common factor of 50 and l?
10
Suppose 5*r - 269 = 116. Let n = -2267 - -2281. What is the highest common factor of r and n?
7
Let b(r) = 3*r**3 + 19*r**2 - 38*r + 6. Let q be b(2). Calculate the highest c